a + 5*y - 77 = 8*a. Calculate the remainder when 46 is divided by a.
20
Let x(j) = -1 + 4*j**2 - 4*j + 0*j + 6*j. What is the remainder when 39 is divided by x(-2)?
6
Suppose -5*g - 5*m + 27 + 63 = 0, 0 = 4*g + 3*m - 74. Suppose v + 4*v - 494 = 3*z, 0 = 2*v - z - 197. Calculate the remainder when v is divided by g.
17
What is the remainder when 9 is divided by 6 - (1 - -2)/3?
4
What is the remainder when 43 is divided by 3 + 207/(-63) - (-60)/14?
3
Calculate the remainder when (45/3)/((-54)/20 + 3) is divided by 26.
24
Let a = -13 - -18. Let c be 60/(-8)*2/(-3). Suppose a = -q - 0*q - 4*x, -c*x - 70 = -3*q. Calculate the remainder when q is divided by 8.
7
Suppose -5*l - l + 264 = 0. Calculate the remainder when 174 is divided by l.
42
Suppose -3*v - 900 = -3*x, -2*x = -5*x + 2*v + 900. Suppose 4*o - x = -o. Let w = 102 - o. Calculate the remainder when w is divided by 15.
12
Suppose 5*k = -3*t - 0*t - 5, -5*k = -4*t - 30. Let d = k + 17. What is the remainder when 55 is divided by d?
17
Suppose 0*g = -6*g + 78. Calculate the remainder when g is divided by 8.
5
Suppose 5*o + 0*o = 340. What is the remainder when o is divided by 18?
14
Suppose 4*d + 25 = 2*k - d, 4*k - 5*d - 35 = 0. Suppose v + k*v - 198 = 0. What is the remainder when v is divided by 12?
9
Let n(d) = -5*d + 9. Let v = 13 + -4. Calculate the remainder when n(-5) is divided by v.
7
Let v(g) = -g**2 - 5*g + 1. Let b be v(-4). Suppose 3*w - 2 = l, b*l - w = 4*l. What is the remainder when 1/(-2)*(0 + -2) is divided by l?
0
Let l(r) = -r**3 + r**2 + r + 42. What is the remainder when l(0) is divided by 11?
9
Let z = 34 + 20. What is the remainder when z is divided by 28?
26
Suppose i - h = -3, i - 15 = 5*i - 5*h. What is the remainder when (2 - i)/(-2) + 24 is divided by 12?
11
Let u(w) = w**3 + 8*w**2 + 2*w + 9. Let n be u(-7). Suppose -y + 5*o = y - 14, 4*o = -3*y + n. Calculate the remainder when 22 is divided by y.
10
Let s(a) = a**3 + 2*a**2 - 2*a + 3. Let i be s(-3). Suppose i = -4*n + 4 + 4. What is the remainder when n is divided by 2/(-2)*0 - -2?
0
Let k(q) = q**2 - 7*q - 4. Let l be k(8). Suppose -5*b + 62 = -4*v, -l*b + 0*v - 3*v = -62. What is the remainder when 41 is divided by b?
13
Let d(k) = 4*k - k**3 + 4*k**2 - 7*k + 0 + 0. Let o be d(2). Calculate the remainder when -1*(-1)/o*20 is divided by 4.
2
Let l(v) = 4*v**2 - 2*v - 13. Calculate the remainder when l(4) is divided by 24.
19
Calculate the remainder when 21 is divided by 2 - -1 - -1*9.
9
Suppose 52 = -5*t + 297. What is the remainder when 142 is divided by t?
44
Suppose 0 = 3*t + 2*t + 320. Let n = -18 - t. What is the remainder when n is divided by 24?
22
Suppose 2*c - 2 = 6. Suppose 0 = -4*y + 4 + c. Let g = y + 0. Calculate the remainder when 2 is divided by g.
0
Let u be 1488/9 - (-4)/(-12). Suppose 4*d - 7*d = -u. Calculate the remainder when d is divided by 14.
13
Let n(t) = -4*t + 4*t - 2*t - 10. Let b = -46 - -35. Calculate the remainder when 34 is divided by n(b).
10
Let q(u) = -u**3 + 5*u**2 + u - 1. Let x be q(5). Suppose -x*k = 60 + 48. Calculate the remainder when 18 is divided by (-276)/k + 2/(-9).
8
Let u = 3 - 1. Suppose c + s = 12, 4*c - 5*s + u*s - 34 = 0. Calculate the remainder when 27 is divided by c.
7
What is the remainder when 179*(30/42 + 4/14) is divided by 45?
44
Let u(v) = -3*v - 2. Let m be u(-2). Suppose 2*p + p - 357 = -3*h, -2*p + m*h = -262. Suppose 3*o - p = -0*o. What is the remainder when o is divided by 14?
13
Suppose 3*o - 61 = 41. What is the remainder when o is divided by 9?
7
Suppose 4*n + 24 = 3*p, -3*p + 21 = n - 18. What is the remainder when 9 is divided by (0 + 1)/(2/p)?
3
Calculate the remainder when (-70)/(-2) - (2 + -1) is divided by 9.
7
Suppose 2*t - 2*k - 96 = 0, -k + 0*k + 54 = t. Suppose -22 - 1 = -f - c, 3*f - 3*c = t. Calculate the remainder when f is divided by ((-7)/1)/(0 + -1).
6
Let v be ((-2)/(-6))/((-1)/(-12)). Let r = -3 + 3. Suppose 0 = -v*i - r*i + 12. What is the remainder when 7 is divided by i?
1
Suppose 168 = 3*c + 42. Calculate the remainder when 163 is divided by c.
37
Suppose 3*w - 8*w = -610. Calculate the remainder when w is divided by 31.
29
Let a = 12 + 23. Suppose -a + 110 = 3*g. What is the remainder when g is divided by 13?
12
Suppose 17 = 5*m - n, 5*m + 3*n - 9 = -0*m. Calculate the remainder when 6 is divided by m.
0
Suppose -j + 3*t = -91, -t + 189 = 5*j - 3*j. What is the remainder when j is divided by 32?
30
Let p = 9 + -16. Let t = 13 + p. What is the remainder when 7 is divided by 14/t - (-16)/24?
1
What is the remainder when -2 + -1*2 - (-95)/5 is divided by 6?
3
Suppose 4*u + 5*v = 3*u + 48, 0 = 5*u + 5*v - 160. Calculate the remainder when 111 is divided by u.
27
Suppose -5*b = w - 31, 4*b = -2*w - w + 104. Calculate the remainder when 6 is divided by 6/27 - (-136)/w.
2
Suppose 8*t - 18 = 2*t. Calculate the remainder when 11 is divided by t.
2
Let r(a) = 13*a - 1. Let x(j) be the first derivative of -j**4/4 - 2*j**3 - 7*j**2/2 - 5*j - 13. Calculate the remainder when r(1) is divided by x(-5).
2
Let b = 8 - 4. Suppose 8 = -b*o - 8, 4*j - 4*o = 24. What is the remainder when 37 is divided by (19/j)/((-2)/(-4))?
18
Let d = 3 - 6. Let p be (-226)/d - 3/9. Suppose 0 = 3*l - 4*u - p, 2*l + 2*u + 11 = 61. Calculate the remainder when l is divided by 13.
12
Let f(v) be the second derivative of -2*v + 15/2*v**2 + 0 - 1/6*v**3. Calculate the remainder when 29 is divided by f(0).
14
Let y = -22 - -11. Calculate the remainder when (-1 + 3)/2*22 is divided by 2/y + 270/33.
6
Let w = -115 + 177. What is the remainder when w is divided by 21?
20
Let y(k) = 7*k**2 + 2*k - 2. Suppose 5*z + d = 25 - 1, 20 = 5*d. Suppose b - 1 = -u, 4 = -u - z*b - 1. What is the remainder when y(u) is divided by 23?
21
Suppose 5*f = l - 52, -4*f - 72 = -2*l - 2*f. Let g = 67 + -32. Calculate the remainder when g/(-2)*l/(-20) is divided by 15.
13
Let r(n) = -n**2 + 5. Let g be r(0). Suppose -26 = -k + g*b, 5*k - 4*b - 45 = 2*k. What is the remainder when k is divided by 3?
2
Calculate the remainder when 22 is divided by (3 + -5)/6*-36.
10
Suppose -4*m + 134 = -530. Suppose -5*a - 144 = -4*u, -3*a - 14 = -5*u + m. Suppose -5*y = -y - u. Calculate the remainder when y is divided by 5.
4
Suppose 5*m - 70 = 235. Suppose 0 = l - 3*d - 42, -4*l + 5*d + 114 = -m. What is the remainder when l is divided by 16?
13
Let v be (30/9)/(1/21). Suppose -v = -2*z - 10. What is the remainder when z is divided by 8?
6
Suppose -4*w + 32 = -c, 35 = 5*w + 5*c - 30. What is the remainder when 30 is divided by w?
3
Let w(i) = 10*i + 4. Let k be w(4). Let q = -50 - -113. Let o = q - k. What is the remainder when o is divided by 7?
5
Let l be 2*3/((-18)/(-15)). Suppose 0 = -4*u - l + 73. What is the remainder when 32 is divided by u?
15
Suppose 0 = 3*s + s - 552. Let a = -86 + s. Suppose 5*c = 58 + a. What is the remainder when c is divided by 8?
6
Suppose 4*p = -5*v + 2 + 2, 3*p + 3*v - 3 = 0. Calculate the remainder when 1 is divided by p.
0
Let f(v) = -v**2 + 8*v + 2. Let y be f(7). Let j(o) = -o - 1 - y*o - 1. Calculate the remainder when j(-3) is divided by 10.
8
Suppose -2*b = -4*a + 253 - 51, -3 = -b. Let t = a - 23. What is the remainder when t is divided by 10?
9
Let s(r) = 3*r**2 - 3*r + 10. What is the remainder when s(6) is divided by 17?
15
What is the remainder when 71 is divided by (-2)/6 - (-366)/18?
11
Suppose 0 = 3*f - 0 - 6. Let i = f + 7. Calculate the remainder when i is divided by 6.
3
Let l(z) = z**3 - z**2 - z + 3. What is the remainder when 11 is divided by l(0)?
2
Let i = 177 + -105. Calculate the remainder when i is divided by 15.
12
Suppose 0 = 4*k - k - 12, -5*o - 3*k + 67 = 0. Suppose -8 = 5*l - 58. Let v = o + l. Calculate the remainder when v is divided by 6.
3
Let q(p) = 13*p + 2. Let i be q(3). Suppose -3*g + 53 = -5*j, -g + j + i = 4*j. What is the remainder when g is divided by 7?
5
Suppose -3*c + 4 + 2 = 0. Suppose -36 = -c*f + 32. What is the remainder when f is divided by (-5)/(10/(-28)) + -2?
10
Let d = 61 + -50. What is the remainder when d is divided by 10?
1
Let o be -8 + 1 + 3 + -5. Let m be o/(-2)*30/9. What is the remainder when (-6)/(-10)*(m - 0) is divided by 5?
4
Suppose 2*g - 7 = 1. Suppose g*n - 88 = 24. Suppose -5 - 15 = -4*p 